st common factor of w and 30?
30
Let g(a) = 10*a. Let h(v) = 70*v. Let x(c) = -20*g(c) + 3*h(c). Let j be x(1). Suppose 3*d - d = 8. What is the highest common factor of d and j?
2
Let d = 137 + -32. What is the greatest common factor of d and 15?
15
Let j = 19 + -10. Suppose 2*z = 77 - 5. What is the greatest common factor of j and z?
9
Let h = 11 + 39. Suppose -5*u + 2*u - 3*b = -27, -4*b - 14 = -u. What is the highest common divisor of u and h?
10
Suppose -9*c + c = -608. Calculate the highest common factor of 19 and c.
19
Suppose 3*t = -4*h + 387, 0 = 6*h - 7*h + t + 95. What is the greatest common factor of 24 and h?
24
Let r(l) = -4*l - 1. Let q be r(-3). Suppose -3*b = -2*b + 1. Let p = 21 - b. What is the highest common divisor of p and q?
11
Suppose -t + 0 = -6. Let f = -28 - -76. Calculate the highest common divisor of f and t.
6
Let t be (5 + (-4)/(-2))/((-3)/(-12)). Calculate the highest common factor of 70 and t.
14
Let r(w) = w - 2. Let q be r(6). Suppose q*v = v + 18. Let o be (136/v)/(3/9). Calculate the greatest common factor of o and 17.
17
Let z = 56 - 32. Let p(t) = 29*t - 100. Let v be p(4). What is the greatest common factor of z and v?
8
Suppose 0 = -n - 3 + 115. What is the greatest common divisor of n and 7?
7
Suppose -1 - 4 = -r. Let k be ((-4)/(-10))/(1/25). Calculate the highest common factor of r and k.
5
Let b = 18 - 2. What is the highest common divisor of 40 and b?
8
Let v(r) = r**2 - 5*r - 3. Let c(q) = 0*q**2 + 3*q**2 - 3 - 2*q**2. Let s be c(3). Let n be v(s). Calculate the highest common divisor of n and 1.
1
Let z(g) be the third derivative of 7*g**6/40 + g**5/30 - g**4/12 + g**3/6 - 3*g**2. Let p be z(1). Calculate the greatest common divisor of p and 2.
2
Let m be -1*2*1*(-119)/14. What is the highest common divisor of m and 17?
17
Let c(k) be the third derivative of k**5/20 + k**4/6 + 2*k**3/3 - 8*k**2. Let v be c(-4). Calculate the highest common factor of v and 9.
9
Let z = 0 - -3. Suppose -5*i = 4*w - 13, 5*i + z*w + 0*w = 11. What is the greatest common divisor of i and 4?
1
Let k be (65/39)/(2/84). What is the greatest common factor of 14 and k?
14
Suppose -2*o = -4*y + o + 265, 0 = -5*y + 2*o + 340. Calculate the highest common factor of y and 10.
10
Let g(k) = 1 - 2*k + 5*k**2 - 6*k + 4*k. Let a be g(4). Let n(m) = m + 13. Let l be n(0). Calculate the highest common divisor of a and l.
13
Let p be (-3)/(4/(-18) - 13/(-180)). What is the greatest common factor of p and 20?
20
Suppose 0*l + 171 = 3*l. Calculate the highest common factor of 38 and l.
19
Let r(m) = -m**2 - 15*m - 6. Let f be r(-13). Calculate the highest common factor of 20 and f.
20
Suppose -6 = -4*j + 6. Suppose 4*a = l + 2*a - 13, -45 = -j*l + 4*a. Calculate the highest common factor of 209 and l.
19
Let z(a) = a**2 + 3*a - 8. Let y be z(-7). Let r = -9 + 19. Suppose r = f - 10. Calculate the greatest common divisor of y and f.
20
Let f = -29 + 40. Suppose 2*r = x + 63, -x = 2*x - 9. What is the greatest common divisor of f and r?
11
Let i be ((-6)/(-2))/(2/10). Suppose -8*k - 448 = -4*k. Let j = k + 232. What is the greatest common factor of j and i?
15
Let o be 85/20 - 2/8. Let p be (-8)/(-32) + 199/o. What is the greatest common divisor of p and 20?
10
Let w(o) = 4*o + 5. Let s be w(10). Let j be 4/(-5)*(-315)/14. Calculate the highest common factor of j and s.
9
Let z(a) = a**3 + 10*a**2 + 6. Let l be z(-10). Let d be ((-1)/(-1))/((-3)/(-45)*1). Calculate the highest common divisor of l and d.
3
Let t be 10/(-15) + (-173)/(-3). Calculate the greatest common divisor of 38 and t.
19
Let i = -2 - -2. Suppose -o = -f + 1, i = o - 2 - 1. Suppose 4*u = -2*p + 112, 264 = f*p + p + 2*u. Calculate the greatest common factor of p and 13.
13
Suppose 0 = -7*y + 5*y + 30. Calculate the greatest common divisor of y and 25.
5
Let h be 5 + 2/(-2) + -3. Calculate the highest common divisor of 1 and h.
1
Let v be (0 + 12/8)*2. Let j = v - 2. What is the highest common divisor of j and 3?
1
Let w(i) = i**2 + 15. Let b be w(0). Let s be ((-60)/(-14))/(3/21). What is the highest common factor of s and b?
15
Let b be 2986/6 + 1/3. Let c = b - 289. Calculate the greatest common divisor of 19 and c.
19
Let b(g) = -g**2 - g + 2. Let p be b(-2). Suppose -4*i - r + 353 = -p*i, 4*i + 2*r = 354. Calculate the greatest common factor of i and 11.
11
Let r be ((-13)/4)/((-1)/(-4)). Let d(w) = -w - 10. Let h be d(r). Calculate the greatest common factor of 24 and h.
3
Suppose 44*y - 45*y = -176. Calculate the greatest common divisor of y and 11.
11
Let h(d) = -2*d - 6. Let l be h(-5). Let a = 12 - 4. What is the highest common divisor of a and l?
4
Suppose -98 = -18*h + 262. Let j = 0 - -20. What is the highest common factor of h and j?
20
Let q(z) = z**3 - 2*z**2 - 3*z + 4. Let f be q(3). Suppose -5*j = -3*c + 198 + 83, 0 = -5*c - f*j + 419. What is the highest common divisor of 58 and c?
29
Let o(c) = c**3 - 6*c**2 - 10*c - 2. Let n be o(8). Let k = n + -33. Calculate the highest common divisor of 143 and k.
13
Let n be (-502)/(-7) + (-10)/(-35). Suppose 0*y - 6*y = -n. What is the greatest common factor of 8 and y?
4
Let w = 22 - -13. What is the greatest common divisor of 14 and w?
7
Let g(x) = 8*x - 57. Let m be g(9). Calculate the greatest common factor of m and 135.
15
Let o = 28 - -7. Suppose 6*k + o = 11*k. What is the greatest common divisor of 7 and k?
7
Let s be 0 + 1/2 - 909/(-6). Calculate the greatest common divisor of s and 19.
19
Let h(n) = 13*n + 1. Let k(c) = -c**2 + 6*c - 1. Let q be k(5). Suppose 0 = 2*v - q + 2. Let d be h(v). What is the greatest common divisor of 28 and d?
14
Suppose o - 5*q + 2*q = -7, 4 = q. Let l be 6/4*70/3. Calculate the greatest common factor of l and o.
5
Let z(r) = -r**3 + 3. Let o be z(-3). Suppose 27 - 87 = -6*n. Calculate the greatest common divisor of n and o.
10
Suppose 0 = -4*g + b + 15, 4*b = 5*g - b - 15. What is the greatest common factor of 16 and g?
4
Suppose 3*o - 8 = -4*i - 0*i, -5*o - 3*i = -17. Suppose -2*w + 40 = -2*a - 40, -o*w = -a - 160. Calculate the highest common divisor of 5 and w.
5
Suppose -4*h = h - 90. Calculate the highest common divisor of 162 and h.
18
Let t = -3 + 6. Let z = t - -1. Calculate the highest common divisor of 16 and z.
4
Suppose 4*z - 4*n = -8, -3*z = -0*z + 2*n + 6. Let q be (-5)/(-2) - z/4. Let b = -8 + 9. What is the greatest common factor of q and b?
1
Let v = -3 + 5. Suppose 4*c = -v*c + 270. Calculate the greatest common factor of c and 9.
9
Suppose 0 = 2*x, 2*b - 5*x - 9 = -b. Calculate the highest common factor of 12 and b.
3
Suppose -7 = -4*q + 1. Suppose -q - 6 = 2*l, -172 = -3*u + l. Calculate the highest common divisor of 7 and u.
7
Let p = -1 + 3. Let x(f) = -2*f**3 + f**2 - f + 2. Let m be x(2). Let h be p*m*1/(-2). Calculate the highest common divisor of 12 and h.
12
Suppose -d - 2 + 5 = 0. Suppose -2*f - 3*g - 71 = -239, d*g - 411 = -5*f. Let m(t) = 3*t - 9. Let i be m(6). Calculate the highest common factor of i and f.
9
Suppose 4*r - 355 = -5*n, 3*r - 5*n + n = 274. Let j(p) = 3*p - 8. Let y be j(6). What is the greatest common factor of y and r?
10
Suppose -2*v + 6*n - 2*n + 120 = 0, 0 = n. What is the greatest common divisor of v and 48?
12
Suppose -k - 65 = -113. Calculate the greatest common divisor of 72 and k.
24
Let t = -3 - -11. Calculate the greatest common divisor of 64 and t.
8
Suppose -6*f + 90 = 12. Calculate the highest common divisor of f and 26.
13
Suppose -3*c = -8 + 5. Calculate the highest common factor of 3 and c.
1
Let z(i) = 4*i + 22. Let g be z(17). What is the highest common factor of 36 and g?
18
Let x = 10 + -18. Let h be 3 + (x - -3) - -44. What is the highest common factor of h and 14?
14
Let z be (2/(-2))/((-2)/288). Let y(l) = l**2 - 3*l. Let t = 7 - 10. Let u be y(t). Calculate the greatest common factor of u and z.
18
Let o = 8 + -3. Suppose -2*k + 61 = o. Let l = k + -20. What is the greatest common divisor of 16 and l?
8
Let z(p) = -p**2 - 2*p + 2. Let t be z(-2). Suppose -12 = -t*l + 8. Calculate the highest common factor of l and 110.
10
Let b be (-2)/((30/(-9))/5). Suppose -b*d - 21 + 111 = 0. What is the greatest common factor of d and 75?
15
Let u(f) = 20*f + 5. Let m be u(4). What is the greatest common div